123
What are the prime factors of 2030594756?
2, 507648689
What are the prime factors of 7459475689?
7459475689
List the prime factors of 4284606090.
2, 3, 5, 211, 743, 911
What are the prime factors of 2001930719?
2001930719
What are the prime factors of 78786980?
2, 5, 3939349
List the prime factors of 18212301.
3, 829, 2441
What are the prime factors of 7983076?
2, 1995769
List the prime factors of 704798248.
2, 7, 11, 1144153
What are the prime factors of 90074136?
2, 3, 19, 53, 3727
What are the prime factors of 5795564?
2, 977, 1483
What are the prime factors of 491190374?
2, 1987, 123601
List the prime factors of 99496368.
2, 3, 47, 61, 241
List the prime factors of 2429039210.
2, 5, 13, 18684917
List the prime factors of 876730629.
3, 23, 12706241
List the prime factors of 3599603743.
29, 67, 1852601
List the prime factors of 64228439.
11, 5838949
What are the prime factors of 1417724996?
2, 17, 20848897
List the prime factors of 236853090.
2, 3, 5, 2631701
What are the prime factors of 187882984?
2, 23485373
What are the prime factors of 41380451?
7, 844499
List the prime factors of 8507923.
757, 11239
What are the prime factors of 1679927525?
5, 67197101
What are the prime factors of 65525796?
2, 3, 7, 260023
What are the prime factors of 517943058?
2, 3, 86323843
List the prime factors of 270750674.
2, 135375337
What are the prime factors of 202058237?
4133, 48889
What are the prime factors of 1024637?
193, 5309
What are the prime factors of 359798090?
2, 5, 31, 1160639
What are the prime factors of 90832539?
3, 7, 4325359
List the prime factors of 61317481.
541, 113341
List the prime factors of 663891935.
5, 7, 387109
List the prime factors of 39049938.
2, 3, 241049
What are the prime factors of 1152366583?
59, 211, 92567
What are the prime factors of 1200251128?
2, 19, 61, 129449
What are the prime factors of 323315345?
5, 29, 349, 6389
List the prime factors of 3651618403.
3449, 1058747
List the prime factors of 59924211.
3, 137, 211, 691
List the prime factors of 517924780.
2, 5, 73, 354743
What are the prime factors of 135119969?
41, 211, 15619
What are the prime factors of 143968181?
7, 109, 188687
List the prime factors of 10653406.
2, 61, 87323
List the prime factors of 110916122.
2, 197, 1429
What are the prime factors of 1812718872?
2, 3, 23, 364879
What are the prime factors of 3005611462?
2, 7, 8117, 26449
What are the prime factors of 106533432?
2, 3, 479, 3089
What are the prime factors of 110980333?
110980333
What are the prime factors of 89554635?
3, 5, 1990103
What are the prime factors of 23301652?
2, 11, 653, 811
List the prime factors of 24524582.
2, 12262291
What are the prime factors of 170671739?
7, 937, 26021
List the prime factors of 73044716.
2, 17, 103, 10429
List the prime factors of 387496680.
2, 3, 5, 3229139
What are the prime factors of 1192253025?
3, 5, 31, 512797
What are the prime factors of 466579481?
31, 47, 431, 743
What are the prime factors of 968818934?
2, 89, 307, 17729
List the prime factors of 124385164.
2, 1231, 25261
What are the prime factors of 78097071?
3, 13, 317, 6317
What are the prime factors of 132277070?
2, 5, 41, 322627
List the prime factors of 94738839.
3, 13, 181, 13421
List the prime factors of 79936110.
2, 3, 5, 888179
List the prime factors of 26790354.
2, 3, 23, 163, 397
What are the prime factors of 6399103?
67, 149, 641
What are the prime factors of 1162153061?
191, 6084571
What are the prime factors of 66301206?
2, 3, 11050201
What are the prime factors of 412326849?
3, 11, 73, 171161
What are the prime factors of 1391818021?
11, 23, 41, 134177
List the prime factors of 1572961808.
2, 11, 113, 139, 569
List the prime factors of 266713830.
2, 3, 5, 19, 51991
List the prime factors of 57411233.
11, 617, 769
List the prime factors of 43256672.
2, 401, 3371
List the prime factors of 42707188.
2, 53, 201449
What are the prime factors of 106696848?
2, 3, 643, 3457
List the prime factors of 146032492.
2, 1789, 20407
List the prime factors of 2997841327.
13, 230603179
List the prime factors of 134994824.
2, 17, 992609
List the prime factors of 950473881.
3, 7, 619, 24373
List the prime factors of 129487392.
2, 3, 449609
What are the prime factors of 1103442523?
73, 15115651
What are the prime factors of 1518900839?
29, 5669, 9239
List the prime factors of 1675588032.
2, 3, 107741
What are the prime factors of 900797806?
2, 23, 113, 173297
What are the prime factors of 1390242510?
2, 3, 5, 15447139
List the prime factors of 204025710.
2, 3, 5, 7, 138793
List the prime factors of 168798781.
168798781
What are the prime factors of 735760831?
13, 43, 1316209
List the prime factors of 273213097.
273213097
What are the prime factors of 646137924?
2, 3, 53844827
What are the prime factors of 205231502?
2, 7, 19, 110221
What are the prime factors of 770330061?
3, 17, 661, 2539
What are the prime factors of 1062821214?
2, 3, 7, 13, 23, 28211
What are the prime factors of 72224166?
2, 3, 7, 1719623
What are the prime factors of 258703304?
2, 32337913
List the prime factors of 535062330.
2, 3, 5, 11, 43, 12569
List the prime factors of 238168680.
2, 3, 5, 23, 86293
What are the prime factors of 2497194165?
3, 5, 191, 871621
What are the prime factors of 241733866?
2, 11, 10987903
What are the prime factors of 687411534?
2, 3, 23, 29, 5923
List the prime factors of 69827702.
2, 7, 4987693
List the prime factors of 3195736162.
2, 4099, 389819
List the prime factors of 5759913443.
607, 9489149
List the prime factors of 70963269.
3, 13, 139967
List the prime factors of 128330150.
2, 5, 13, 15187
List the prime factors of 502416460.
2, 5, 7, 13, 41, 6733
What are the prime factors of 3681526376?
2, 11, 5821, 7187
What are the prime factors of 662941729?
662941729
List the prime factors of 1661055301.
29, 57277769
What are the prime factors of 28930878?
2, 3, 535757
List the prime factors of 577149792.
2, 3, 61, 67, 1471
List the prime factors of 3659129228.
2, 173, 1021, 5179
What are the prime factors of 340653487?
37, 9206851
List the prime factors of 4421633822.
2, 2210816911
What are the prime factors of 36891461?
59, 625279
What are the prime factors of 144970786?
2, 72485393
List the prime factors of 118253850.
2, 3, 5, 11, 13, 37, 149
What are the prime factors of 59428354?
2, 4909, 6053
What are the prime factors of 633397415?
5, 7, 18097069
What are the prime factors of 284398551?
3, 47, 421, 1597
List the prime factors of 901452501.
3, 23, 29, 6529
What are the prime factors of 797664891?
3, 265888297
What are the prime factors of 3497962347?
3, 11, 17, 113, 6131
What are the prime factors of 213652736?
2, 11, 17, 4463
What are the prime factors of 2920933802?
2, 19, 461, 166739
What are the prime factors of 703673839?
11, 63970349
What are the prime factors of 965829568?
2, 11, 17, 80701
What are the prime factors of 173733553?
7, 149, 166571
List the prime factors of 1178438348.
2, 2791, 105557
What are the prime factors of 21627872?
2, 7, 96553
What are the prime factors of 1305525103?
23, 29, 31, 103, 613
List the prime factors of 730982615.
5, 11, 853, 15581
What are the prime factors of 14878573?
14878573
What are the prime factors of 76663938?
2, 3, 13, 982871
List the prime factors of 789600260.
2, 5, 79, 499747
List the prime factors of 474535576.
2, 59316947
List the prime factors of 329500409.
7, 17, 47, 58913
List the prime factors of 33495682.
2, 11, 23, 53, 1249
What are the prime factors of 745546590?
2, 3, 5, 31, 353, 757
What are the prime factors of 113344827?
3, 37781609
What are the prime factors of 29395705?
5, 29, 202729
What are the prime factors of 21427362?
2, 3, 11, 36073
List the prime factors of 693666330.
2, 3, 5, 7, 3303173
List the prime factors of 62110480.
2, 5, 59, 13159
What are the prime factors of 237357290?
2, 5, 313, 75833
What are the prime factors of 693489703?
41, 173, 97771
What are the prime factors of 1043347297?
29, 35977493
What are the prime factors of 52357246?
2, 17, 23, 41, 71
List the prime factors of 8263652716.
2, 11, 2677, 70157
List the prime factors of 103745429.
103745429
List the prime factors of 79933005.
3, 5, 1776289
What are the prime factors of 24182417?
7, 3454631
What are the prime factors of 2210483077?
11, 260